 the tens digit of 40251752?
5
What is the units digit of 2342490?
0
What is the millions digit of 2701269?
2
What is the hundred thousands digit of 2525899?
5
What is the thousands digit of 702958?
2
What is the thousands digit of 357649?
7
What is the units digit of 568697?
7
What is the ten thousands digit of 711013?
1
What is the tens digit of 497815?
1
What is the ten thousands digit of 2133506?
3
What is the thousands digit of 144844?
4
What is the ten thousands digit of 2402724?
0
What is the ten thousands digit of 499913?
9
What is the hundred thousands digit of 108079?
1
What is the millions digit of 1053800?
1
What is the ten thousands digit of 149090?
4
What is the tens digit of 192488?
8
What is the tens digit of 650771?
7
What is the hundreds digit of 3883237?
2
What is the hundreds digit of 59726?
7
What is the hundreds digit of 3533168?
1
What is the units digit of 554013?
3
What is the millions digit of 2168036?
2
What is the hundred thousands digit of 3309427?
3
What is the hundreds digit of 287433?
4
What is the hundreds digit of 5321858?
8
What is the units digit of 34627834?
4
What is the hundred thousands digit of 376302?
3
What is the millions digit of 1582758?
1
What is the tens digit of 7816174?
7
What is the tens digit of 133432?
3
What is the hundred thousands digit of 4255325?
2
What is the tens digit of 2728514?
1
What is the units digit of 1114775?
5
What is the hundred thousands digit of 11401938?
4
What is the hundred thousands digit of 618966?
6
What is the thousands digit of 4349632?
9
What is the units digit of 3027273?
3
What is the tens digit of 4819005?
0
What is the ten thousands digit of 338511?
3
What is the ten thousands digit of 13422501?
2
What is the hundreds digit of 653371?
3
What is the units digit of 1771107?
7
What is the hundred thousands digit of 239374?
2
What is the hundreds digit of 1694667?
6
What is the hundreds digit of 461227?
2
What is the ten millions digit of 24066362?
2
What is the units digit of 180916?
6
What is the hundreds digit of 1454614?
6
What is the units digit of 5105193?
3
What is the hundred thousands digit of 156924?
1
What is the hundred thousands digit of 34412623?
4
What is the thousands digit of 200941?
0
What is the millions digit of 1296664?
1
What is the units digit of 198720?
0
What is the units digit of 534751?
1
What is the thousands digit of 251466?
1
What is the hundred thousands digit of 327604?
3
What is the tens digit of 15346684?
8
What is the ten thousands digit of 188146?
8
What is the hundred thousands digit of 10665803?
6
What is the millions digit of 4700035?
4
What is the hundreds digit of 479180?
1
What is the ten thousands digit of 3559491?
5
What is the thousands digit of 75794?
5
What is the units digit of 45683?
3
What is the tens digit of 171107?
0
What is the thousands digit of 555129?
5
What is the hundreds digit of 196905?
9
What is the ten thousands digit of 52104?
5
What is the hundred thousands digit of 588709?
5
What is the millions digit of 3175830?
3
What is the hundred thousands digit of 2420279?
4
What is the ten millions digit of 13291841?
1
What is the ten thousands digit of 681168?
8
What is the hundred thousands digit of 3489001?
4
What is the thousands digit of 4399071?
9
What is the hundreds digit of 308625?
6
What is the tens digit of 97735?
3
What is the units digit of 171576?
6
What is the hundred thousands digit of 1264558?
2
What is the thousands digit of 359859?
9
What is the hundred thousands digit of 154184?
1
What is the hundred thousands digit of 863455?
8
What is the tens digit of 30932?
3
What is the ten thousands digit of 2815433?
1
What is the tens digit of 2399923?
2
What is the thousands digit of 934423?
4
What is the millions digit of 11624376?
1
What is the hundred thousands digit of 1091782?
0
What is the tens digit of 34752?
5
What is the hundreds digit of 483984?
9
What is the units digit of 1797610?
0
What is the ten thousands digit of 6211018?
1
What is the units digit of 172313?
3
What is the hundreds digit of 22954796?
7
What is the ten thousands digit of 5052846?
5
What is the millions digit of 10383535?
0
What is the units digit of 48298?
8
What is the thousands digit of 43250?
3
What is the hundred thousands digit of 117777?
1
What is the thousands digit of 214073?
4
What is the tens digit of 5455178?
7
What is the thousands digit of 5899688?
9
What is the thousands digit of 913947?
3
What is the ten thousands digit of 3897493?
9
What is the ten thousands digit of 40155213?
5
What is the thousands digit of 333613?
3
What is the hundred thousands digit of 216990?
2
What is the ten millions digit of 18774648?
1
What is the hundreds digit of 4478705?
7
What is the ten thousands digit of 4412872?
1
What is the tens digit of 177677?
7
What is the thousands digit of 15375244?
5
What is the ten thousands digit of 1386694?
8
What is the tens digit of 10578479?
7
What is the ten thousands digit of 159985?
5
What is the ten thousands digit of 1966951?
6
What is the hundreds digit of 745429?
4
What is the hundred thousands digit of 8237163?
2
What is the hundreds digit of 9464083?
0
What is the thousands digit of 3316955?
6
What is the thousands digit of 140388?
0
What is the hundred thousands digit of 150674?
1
What is the units digit of 827716?
6
What is the ten thousands digit of 882810?
8
What is the units digit of 461478?
8
What is the units digit of 62697?
7
What is the ten thousands digit of 450458?
5
What is the hundred thousands digit of 13654459?
6
What is the tens digit of 67786?
8
What is the units digit of 836247?
7
What is the units digit of 502261?
1
What is the hundred thousands digit of 1179410?
1
What is the thousands digit of 21515899?
5
What is the units digit of 1124980?
0
What is the hundreds digit of 154421?
4
What is the thousands digit of 10195559?
5
What is the ten thousands digit of 3236066?
3
What is the hundred thousands digit of 236712?
2
What is the ten thousands digit of 23793261?
9
What is the hundred thousands digit of 29380753?
3
What is the units digit of 718873?
3
What is the units digit of 238589?
9
What is the hundreds digit of 5830282?
2
What is the units digit of 280696?
6
What is the ten thousands digit of 1333580?
3
What is the hundred thousands digit of 2804062?
8
What is the thousands digit of 105695?
5
What is the ten thousands digit of 10001078?
0
What is the hundreds digit of 78375?
3
What is the hundreds digit of 10183684?
6
What is the hundred thousands digit of 144437?
1
What is the thousands digit of 2761421?
1
What is the millions digit of 2114054?
2
What is the thousands digit of 24920573?
0
What is the units digit of 151779?
9
What is the thousands digit of 429064?
9
What is the thousands digit of 77837?
7
What is the ten thousands digit of 6726521?
2
What is the hundred thousands digit of 3202445?
2
What is the thousands digit of 8108749?
8
What is the thousands digit of 854644?
4
What is the hundred thousands digit of 5749847?
7
What is the millions digit of 9056283?
9
What is the ten thousands digit of 164686?
6
What is the units digit of 6195220?
0
What is the ten thousands digit of 355098?
5
What is the units digit of 43818?
8
What is the hundred thousands digit of 881472?
8
What is the thousands digit of 70754?
0
What is the hundreds digit of 498413?
4
What is the hundred thousands digit of 134913?
1
What is the tens digit of 2737014?
1
What is the hundred thousands digit of 606753?
6
What is the hundreds digit of 16363159?
1
What is the thousands digit of 57771?
7
What is the tens digit of 4729905?
0
What is the tens digit of 1672952?
5
What is the tens digit of 993445?
4
What is the thousands digit of 408586?
8
What is the thousands digit of 8670365?
0
What is the tens digit of 530673?
7
What is the millions digit of 6715875?
6
What is the ten thousands digit of 1848954?
4
What is the tens digit of 409536?
3
What is the units digit of 160657?
7
What is the units digit of 167689?
9
What is the units digit of 8153815?
5
What is the thousands digit of 11936612?
6
What is the units digit of 46987?
7
What is the units digit of 221733?
3
What is the hundreds digit of 346208?
2
What is the hundred thousands digit of 906226?
9
What is the tens digit 